{"id":2465,"date":"2023-10-04T22:12:05","date_gmt":"2023-10-04T20:12:05","guid":{"rendered":"https:\/\/www.waldfaun.de\/wordpress\/?post_type=product&#038;p=2465"},"modified":"2025-10-31T12:47:01","modified_gmt":"2025-10-31T10:47:01","slug":"gruener-putzen-natuerliche-reinigungsmittel-selbst-gemacht","status":"publish","type":"product","link":"https:\/\/www.waldfaun.de\/wordpress\/?product=gruener-putzen-natuerliche-reinigungsmittel-selbst-gemacht","title":{"rendered":"Gr\u00fcner Putzen &#8211; Nat\u00fcrliche Reinigungsmittel selbst gemacht"},"content":{"rendered":"<p>In diesem Buch werden zahlreiche Rezepturen und Rohstoffe zur eigenen Herstellung von schadstofffreien Reinigungsmitteln mit nur wenigen Basiszutaten vorgestellt. Die Rezepte sind so formuliert, dass ihre \u00adWirkungsweise genau beschrieben wird. Durch den Einsatz von mineralischen \u00adScheuermitteln, nat\u00fcrlichen S\u00e4uren, pflanz\u00adlichen Tensiden, \u00e4therischen \u00d6len und Kr\u00e4utern ergibt sich eine Vielzahl von \u00f6kologischen Reinigungs\u00admitteln, die leicht selbst her\u00adzu\u00adstellen sind. So k\u00f6nnen Sie konventionelle Reiniger schrittweise gegen selbst gemachte austauschen, die nicht nur umweltfreundlich, preiswert und \u00adgesundheitsschonend, sondern auch vegan sind. Ersetzen Sie in Ihrem Putzschrank nach und nach die vielen bunten Plastikflaschen durch Ihre eigenen Produkte.<\/p>\n<p>Das Buch ist erschienen im Freya-Verlag.<\/p>\n","protected":false},"excerpt":{"rendered":"<p>In diesem Buch werden zahlreiche Rezepturen und Rohstoffe zur eigenen Herstellung von schadstofffreien Reinigungsmitteln mit nur wenigen Basiszutaten vorgestellt. Die Rezepte sind so formuliert, dass ihre \u00adWirkungsweise genau beschrieben wird. Durch den Einsatz von mineralischen \u00adScheuermitteln, nat\u00fcrlichen S\u00e4uren, pflanz\u00adlichen Tensiden, \u00e4therischen \u00d6len und Kr\u00e4utern ergibt sich eine Vielzahl von \u00f6kologischen Reinigungs\u00admitteln, die leicht selbst her\u00adzu\u00adstellen [&hellip;]<\/p>\n","protected":false},"featured_media":2467,"comment_status":"open","ping_status":"closed","template":"","meta":[],"product_brand":[],"product_cat":[36],"product_tag":[],"class_list":{"0":"post-2465","1":"product","2":"type-product","3":"status-publish","4":"has-post-thumbnail","6":"product_cat-selbst-gemacht","8":"first","9":"instock","10":"shipping-taxable","11":"purchasable","12":"product-type-simple"},"_links":{"self":[{"href":"https:\/\/www.waldfaun.de\/wordpress\/index.php?rest_route=\/wp\/v2\/product\/2465","targetHints":{"allow":["GET"]}}],"collection":[{"href":"https:\/\/www.waldfaun.de\/wordpress\/index.php?rest_route=\/wp\/v2\/product"}],"about":[{"href":"https:\/\/www.waldfaun.de\/wordpress\/index.php?rest_route=\/wp\/v2\/types\/product"}],"replies":[{"embeddable":true,"href":"https:\/\/www.waldfaun.de\/wordpress\/index.php?rest_route=%2Fwp%2Fv2%2Fcomments&post=2465"}],"wp:featuredmedia":[{"embeddable":true,"href":"https:\/\/www.waldfaun.de\/wordpress\/index.php?rest_route=\/wp\/v2\/media\/2467"}],"wp:attachment":[{"href":"https:\/\/www.waldfaun.de\/wordpress\/index.php?rest_route=%2Fwp%2Fv2%2Fmedia&parent=2465"}],"wp:term":[{"taxonomy":"product_brand","embeddable":true,"href":"https:\/\/www.waldfaun.de\/wordpress\/index.php?rest_route=%2Fwp%2Fv2%2Fproduct_brand&post=2465"},{"taxonomy":"product_cat","embeddable":true,"href":"https:\/\/www.waldfaun.de\/wordpress\/index.php?rest_route=%2Fwp%2Fv2%2Fproduct_cat&post=2465"},{"taxonomy":"product_tag","embeddable":true,"href":"https:\/\/www.waldfaun.de\/wordpress\/index.php?rest_route=%2Fwp%2Fv2%2Fproduct_tag&post=2465"}],"curies":[{"name":"wp","href":"https:\/\/api.w.org\/{rel}","templated":true}]}}