{"id":1573,"date":"2020-06-05T22:13:48","date_gmt":"2020-06-05T20:13:48","guid":{"rendered":"http:\/\/www.waldfaun.de\/wordpress\/?post_type=product&#038;p=1573"},"modified":"2020-06-05T22:32:57","modified_gmt":"2020-06-05T20:32:57","slug":"vjoshaven-und-das-aelvkildeland","status":"publish","type":"product","link":"https:\/\/www.waldfaun.de\/wordpress\/?product=vjoshaven-und-das-aelvkildeland","title":{"rendered":"Vjoshaven und das Aelvkildeland"},"content":{"rendered":"<p>Zweiter Teil aus der Reihe Encyclopaedia Heligonia, der eine Beschreibung der fiktiven nordischen L\u00e4ndereien des K\u00f6nigreichs Heligonia enth\u00e4lt. Verwendbar als Quellenmaterial f\u00fcr Live-Rollenspieler sowie Tischrollenspieler.<\/p>\n<p><a href=\"https:\/\/www.waldfaun.de\/wordpress\/wp-content\/uploads\/2020\/06\/Encyclopaedia-Heligonia-Vjoshaven-und-das-Aelvkildeland.pdf\" rel=\"noopener noreferrer\" target=\"_blank\">Direkter Download-Link<\/a><\/p>\n<p><strong>Autoren<\/strong><br \/>\nBettina Reicke<br \/>\nIn\u00e9s Hermann<br \/>\nMarc Hermann<br \/>\nOliver Friese<\/p>\n<p><strong>Erschienen<\/strong><br \/>\nMai 2020<\/p>\n<p><strong>ISBN<\/strong><br \/>\n978-3-937921-15-0<\/p>\n","protected":false},"excerpt":{"rendered":"<p>Zweiter Teil aus der Reihe Encyclopaedia Heligonia, der eine Beschreibung der fiktiven nordischen L\u00e4ndereien des K\u00f6nigreichs Heligonia enth\u00e4lt. Verwendbar als Quellenmaterial f\u00fcr Live-Rollenspieler sowie Tischrollenspieler. Direkter Download-Link Autoren Bettina Reicke In\u00e9s Hermann Marc Hermann Oliver Friese Erschienen Mai 2020 ISBN 978-3-937921-15-0<\/p>\n","protected":false},"featured_media":1575,"comment_status":"open","ping_status":"closed","template":"","meta":[],"product_brand":[],"product_cat":[35],"product_tag":[],"class_list":{"0":"post-1573","1":"product","2":"type-product","3":"status-publish","4":"has-post-thumbnail","6":"product_cat-phantastisches","8":"first","9":"instock","10":"downloadable","11":"virtual","12":"purchasable","13":"product-type-simple"},"_links":{"self":[{"href":"https:\/\/www.waldfaun.de\/wordpress\/index.php?rest_route=\/wp\/v2\/product\/1573","targetHints":{"allow":["GET"]}}],"collection":[{"href":"https:\/\/www.waldfaun.de\/wordpress\/index.php?rest_route=\/wp\/v2\/product"}],"about":[{"href":"https:\/\/www.waldfaun.de\/wordpress\/index.php?rest_route=\/wp\/v2\/types\/product"}],"replies":[{"embeddable":true,"href":"https:\/\/www.waldfaun.de\/wordpress\/index.php?rest_route=%2Fwp%2Fv2%2Fcomments&post=1573"}],"wp:featuredmedia":[{"embeddable":true,"href":"https:\/\/www.waldfaun.de\/wordpress\/index.php?rest_route=\/wp\/v2\/media\/1575"}],"wp:attachment":[{"href":"https:\/\/www.waldfaun.de\/wordpress\/index.php?rest_route=%2Fwp%2Fv2%2Fmedia&parent=1573"}],"wp:term":[{"taxonomy":"product_brand","embeddable":true,"href":"https:\/\/www.waldfaun.de\/wordpress\/index.php?rest_route=%2Fwp%2Fv2%2Fproduct_brand&post=1573"},{"taxonomy":"product_cat","embeddable":true,"href":"https:\/\/www.waldfaun.de\/wordpress\/index.php?rest_route=%2Fwp%2Fv2%2Fproduct_cat&post=1573"},{"taxonomy":"product_tag","embeddable":true,"href":"https:\/\/www.waldfaun.de\/wordpress\/index.php?rest_route=%2Fwp%2Fv2%2Fproduct_tag&post=1573"}],"curies":[{"name":"wp","href":"https:\/\/api.w.org\/{rel}","templated":true}]}}