{"id":1073,"date":"2018-05-24T00:35:30","date_gmt":"2018-05-23T22:35:30","guid":{"rendered":"http:\/\/www.waldfaun.de\/wordpress\/?page_id=1073"},"modified":"2023-11-20T00:14:28","modified_gmt":"2023-11-19T22:14:28","slug":"datenschutz","status":"publish","type":"page","link":"https:\/\/www.waldfaun.de\/wordpress\/?page_id=1073","title":{"rendered":"Datenschutz"},"content":{"rendered":"<p>Bei Fragen wenden Sie sich an datenschutz@waldfaun.de<\/p>\n<div class=\"policy-text\">\n<div class=\"wp-suggested-text hide-privacy-policy-tutorial\">\n<h2>Wer wir sind<\/h2>\n<p>Sie befinden sich auf der Webseite des Verlags Waldfaun. Die Adresse unserer Website ist: https:\/\/www.waldfaun.de\/wordpress.<\/p>\n<h2>Welche personenbezogenen Daten wir ben\u00f6tigen und warum wir sie sammeln<\/h2>\n<h3>Kontaktformulare<\/h3>\n<p>Sie haben die M\u00f6glichkeit, ein Kundenkonto anzulegen, um Ihre personenspezifischen Daten abzuspeichern. Sie k\u00f6nnen sich dann sp\u00e4ter erneut im Kundenkonto anmelden, fr\u00fchere Bestellungen einsehen und bei neuen Bestellungen automatisch Ihre gespeicherte Adresse verwenden.<br \/>\nEine Bestellung ist aber auch ohne das Anlegen eines Kontos m\u00f6glich (diese Option ist im Shop voreingestellt). Ihre Daten sind f\u00fcr eine erfolgreiche Abwicklung n\u00f6tig.<br \/>\nF\u00fcr die Bezahlung bieten wir momentan nur \u00dcberweisung an. Es gibt also keine Anbindung an einen externen Dienst und somit auch keine Daten\u00fcbermittlung.<\/p>\n<h3>Kommentare<\/h3>\n<p>Wenn Besucher Kommentare auf der Website schreiben, sammeln wir die Daten, die im Kommentar-Formular angezeigt werden, au\u00dferdem die IP-Adresse des Besuchers und den User-Agent-String (damit wird der Browser identifiziert), um die Erkennung von Spam zu unterst\u00fctzen.<\/p>\n<p>Aus Ihrer E-Mail-Adresse kann eine anonymisierte Zeichenfolge erstellt (auch Hash genannt) und dem Gravatar-Dienst \u00fcbergeben werden, um zu pr\u00fcfen, ob Sie diesen benutzt. Die Datenschutzerkl\u00e4rung des Gravatar-Dienstes finden Sie hier: https:\/\/automattic.com\/privacy\/. Nachdem dein Kommentar freigegeben wurde, ist Ihr Profilbild \u00f6ffentlich im Kontext Ihres Kommentars sichtbar.<\/p>\n<h3>Cookies<\/h3>\n<p>Wenn Sie einen Kommentar auf unserer Website schreiben, kann das eine Einwilligung sein, Ihren Namen, E-Mail-Adresse und Website in Cookies zu speichern. Dies ist eine Komfortfunktion, damit Sie nicht, wenn Sie einen weiteren Kommentar schreiben, all diese Daten erneut eingeben m\u00fcssen. Diese Cookies werden ein Jahr lang gespeichert.<\/p>\n<p>Falls Sie ein Konto haben und sich auf dieser Website anmelden, werden wir ein tempor\u00e4res Cookie setzen, um festzustellen, ob Ihr Browser Cookies akzeptiert. Dieses Cookie enth\u00e4lt keine personenbezogenen Daten und wird verworfen, wenn Sie Ihren Browser schlie\u00dfen.<\/p>\n<p>Wenn Sie sich anmelden, werden wir einige Cookies einrichten, um Ihre Anmeldeinformationen und Anzeigeoptionen zu speichern. Anmelde-Cookies verfallen nach zwei Tagen und Cookies f\u00fcr die Anzeigeoptionen nach einem Jahr. Falls Sie bei der Anmeldung \u201eAngemeldet bleiben\u201c ausw\u00e4hlen, wird Ihre Anmeldung zwei Wochen lang aufrechterhalten. Mit der Abmeldung aus Ihrem Konto werden die Anmelde-Cookies gel\u00f6scht.<\/p>\n<h2>Wir teilen Ihre Daten nicht!<\/h2>\n<p>Ihre personenspezifischen Daten wie Name und Adresse(n) werden im Rahmen des Bundesdatenschutzgesetzes (\u00a7 26 BDSG) zul\u00e4ssig elektronisch gespeichert und nur f\u00fcr verlagsinterne Zwecke verwendet. Die Daten werden nicht an Dritte weitergegeben und auch nicht f\u00fcr Newsletter verwendet, sondern ausschlie\u00dflich f\u00fcr den Bestellvorgang, m\u00f6gliche R\u00fcckfragen, sowie f\u00fcr den Versand verwendet.<\/p>\n<h2>Wie lange wir Ihre Daten speichern<\/h2>\n<p>Ihre personenbezogenen Daten bei einer Bestellung bleiben mindestens bis zum abgeschlossenen Bestellvorgang gespeichert.<br \/>\nWenn Sie einen Kommentar schreiben, wird dieser inklusive Metadaten zeitlich unbegrenzt gespeichert. Auf diese Art k\u00f6nnen wir Folgekommentare automatisch erkennen und freigeben, anstelle sie in einer Moderations-Warteschlange festzuhalten.<\/p>\n<p>F\u00fcr Benutzer, die sich auf unserer Website registrieren, speichern wir zus\u00e4tzlich die pers\u00f6nlichen Informationen, die sie in ihren Benutzerprofilen angeben. Alle Benutzer k\u00f6nnen jederzeit ihre pers\u00f6nlichen Informationen einsehen, ver\u00e4ndern oder l\u00f6schen (der Benutzername kann nicht ver\u00e4ndert werden). Administratoren der Website k\u00f6nnen diese Informationen ebenfalls einsehen und ver\u00e4ndern.<\/p>\n<h2>Welche Rechte Sie an Ihren Daten haben<\/h2>\n<p>Wenn Sie ein Konto auf dieser Website besitzen oder Kommentare geschrieben haben, k\u00f6nnen Sie einen Export Ihrer personenbezogenen Daten bei uns anfordern, inklusive aller Daten, die Sie uns mitgeteilt haben. Dar\u00fcber hinaus k\u00f6nnen Sie die L\u00f6schung aller personenbezogenen Daten, die wir von Ihnen gespeichert haben, anfordern. Dies umfasst nicht die Daten, die wir aufgrund administrativer, rechtlicher oder sicherheitsrelevanter Notwendigkeiten aufbewahren m\u00fcssen.<\/p>\n<h2>Wof\u00fcr wir Ihre Daten nutzen<\/h2>\n<p>Von Ihren Daten f\u00fcr den Bestellvorgang wird die Versandadresse auf den Gro\u00dfbrief Ihrer Bestellung gedruckt.<\/p>\n<p>Besucher-Kommentare k\u00f6nnen von einem automatisierten Dienst zur Spam-Erkennung untersucht werden.<\/p>\n<p>Andere Daten werden nicht weitergegeben.<\/p>\n<h2>Wie wir Ihre Daten sichern<\/h2>\n<p>Ihre Daten werden verschl\u00fcsselt an unsere Server \u00fcbertragen, so dass sie nicht von Dritten missbraucht werden k\u00f6nnen.<\/p>\n<\/div>\n<\/div>\n","protected":false},"excerpt":{"rendered":"<p>Bei Fragen wenden Sie sich an datenschutz@waldfaun.de Wer wir sind Sie befinden sich auf der Webseite des Verlags Waldfaun. Die Adresse unserer Website ist: https:\/\/www.waldfaun.de\/wordpress. Welche personenbezogenen Daten wir ben\u00f6tigen und warum wir sie sammeln Kontaktformulare Sie haben die M\u00f6glichkeit, ein Kundenkonto anzulegen, um Ihre personenspezifischen Daten abzuspeichern. Sie k\u00f6nnen sich dann sp\u00e4ter erneut im [&hellip;]<\/p>\n","protected":false},"author":1,"featured_media":2521,"parent":0,"menu_order":0,"comment_status":"closed","ping_status":"closed","template":"","meta":{"footnotes":""},"class_list":["post-1073","page","type-page","status-publish","has-post-thumbnail","hentry"],"_links":{"self":[{"href":"https:\/\/www.waldfaun.de\/wordpress\/index.php?rest_route=\/wp\/v2\/pages\/1073","targetHints":{"allow":["GET"]}}],"collection":[{"href":"https:\/\/www.waldfaun.de\/wordpress\/index.php?rest_route=\/wp\/v2\/pages"}],"about":[{"href":"https:\/\/www.waldfaun.de\/wordpress\/index.php?rest_route=\/wp\/v2\/types\/page"}],"author":[{"embeddable":true,"href":"https:\/\/www.waldfaun.de\/wordpress\/index.php?rest_route=\/wp\/v2\/users\/1"}],"replies":[{"embeddable":true,"href":"https:\/\/www.waldfaun.de\/wordpress\/index.php?rest_route=%2Fwp%2Fv2%2Fcomments&post=1073"}],"version-history":[{"count":7,"href":"https:\/\/www.waldfaun.de\/wordpress\/index.php?rest_route=\/wp\/v2\/pages\/1073\/revisions"}],"predecessor-version":[{"id":1128,"href":"https:\/\/www.waldfaun.de\/wordpress\/index.php?rest_route=\/wp\/v2\/pages\/1073\/revisions\/1128"}],"wp:featuredmedia":[{"embeddable":true,"href":"https:\/\/www.waldfaun.de\/wordpress\/index.php?rest_route=\/wp\/v2\/media\/2521"}],"wp:attachment":[{"href":"https:\/\/www.waldfaun.de\/wordpress\/index.php?rest_route=%2Fwp%2Fv2%2Fmedia&parent=1073"}],"curies":[{"name":"wp","href":"https:\/\/api.w.org\/{rel}","templated":true}]}}